e r(5).
268
Let r(v) = 1645*v - 5. Give r(0).
-5
Let q(m) = 22*m - 265. Calculate q(13).
21
Let h(i) = -59*i + 1649. What is h(29)?
-62
Let p(t) = -t**2 - 567*t + 30839. Calculate p(50).
-11
Let k(w) = 11*w**2 + 806*w - 3150. Give k(-77).
7
Let y(x) = -6*x - 511. Calculate y(-85).
-1
Let a(b) = 105*b**2 + 418*b - 4. Determine a(-4).
4
Let b(i) = 2*i**2 + 176*i + 350. Determine b(-86).
6
Let p(j) = 3657*j + 21962. Give p(-6).
20
Let b(i) = 2639*i + 2605. Determine b(-1).
-34
Let i(f) = f**3 + 20*f**2 - 45*f + 21. Determine i(-22).
43
Let w(q) = 24*q - 92. Calculate w(5).
28
Let f(y) = 120*y + 397. Determine f(-4).
-83
Let i(f) = 4148*f - 5. Determine i(0).
-5
Let j(g) = -34*g - 2155. Calculate j(-63).
-13
Let x(h) = 1139*h + 36456. Determine x(-32).
8
Let t(c) = -2*c**3 - 47*c**2 + 78*c + 19. Calculate t(-25).
-56
Let o(k) = -4*k**3 + 188*k**2 - k + 67. What is o(47)?
20
Let v(l) = 2*l**3 + 4*l**2 - 111*l - 395. What is v(-4)?
-15
Let f(h) = h**3 + 125*h - 1518. Determine f(8).
-6
Let d(x) = 3*x**2 - 182*x + 59. What is d(61)?
120
Let c(y) = -12*y + 600. Determine c(47).
36
Let p(u) = u + 34. What is p(8)?
42
Let l(w) = w**3 - 9*w**2 + 4*w + 9. Give l(8).
-23
Let o(f) = -68*f - 564. Calculate o(7).
-1040
Let x(n) = -n**3 + 21*n**2 + 6*n - 1084. Give x(18).
-4
Let t(h) = -4*h**2 + 30*h - 101. What is t(8)?
-117
Let c(t) = 29*t**2 - 8. What is c(0)?
-8
Let i(p) = -p**2 + 338*p - 9814. Determine i(32).
-22
Let f(i) = -6*i**3 - 25*i**2 - i + 14. Give f(-4).
2
Let a(w) = 3*w**3 - 26*w**2 - 7*w + 18. Give a(9).
36
Let n(w) = -214*w + 4459. Determine n(21).
-35
Let l(o) = 319*o + 633. Calculate l(-2).
-5
Let r(d) = 2*d**3 + 143*d**2 - 77*d - 365. Determine r(-72).
-5
Let c(r) = -r**3 + 4*r**2 + 9*r - 106. Determine c(0).
-106
Let h(m) = -128*m + 3058. Give h(24).
-14
Let n(j) = j**3 + 14*j**2 + 59*j + 115. What is n(-10)?
-75
Let g(k) = 43*k + 5967. Give g(-139).
-10
Let b(q) = -q**3 - 20*q**2 - 23*q - 60. Determine b(-19).
16
Let a(n) = 27*n - 167. Determine a(6).
-5
Let d(o) = -3*o**2 - 2*o - 4. Determine d(2).
-20
Let c(d) = -2*d**2 + 111*d + 880. Calculate c(-7).
5
Let d(x) = x**2 + 42*x - 851. Give d(14).
-67
Let j(z) = z**3 + 8*z**2 + 59*z + 230. Determine j(-5).
10
Let v(j) = 2*j**3 - 163*j**2 - 84*j + 45. What is v(82)?
-119
Let q(f) = 3*f**2 + 71*f + 377. What is q(-8)?
1
Let c(d) = 57*d + 1778. Give c(-31).
11
Let o(a) = -25*a**3 - 131*a**2 - 28*a + 12. What is o(-5)?
2
Let r(w) = -w**3 + 13*w**2 - 39*w + 12. Give r(9).
-15
Let w(h) = -h**3 - 135*h**2 + 448*h + 4695. Determine w(-138).
3
Let g(j) = -j**2 + 12*j - 7. Determine g(4).
25
Let u(b) = 66*b + 1973. Calculate u(-30).
-7
Let t(o) = -o**3 + 156*o**2 - 1459*o - 22. Determine t(10).
-12
Let p(z) = -z**3 - 10*z**2 + 7*z + 48. Calculate p(2).
14
Let h(x) = -2*x**2 - 105*x - 440. Determine h(-48).
-8
Let k(x) = 294*x - 1285. What is k(7)?
773
Let s(t) = -19*t**3 + 224*t**2 + 61*t + 11. Give s(12).
167
Let c(m) = -m**3 - 14*m**2 - 32*m - 93. What is c(-12)?
3
Let w(t) = -t**3 - 16*t**2 - 59*t - 690. Calculate w(-15).
-30
Let s(u) = 20*u + 323. Give s(-18).
-37
Let c(b) = -b**3 + 24*b**2 + 179*b + 29. Give c(30).
-1
Let k(d) = 25*d - 40. Calculate k(5).
85
Let u(m) = m**3 + 13*m**2 - 139. Calculate u(-12).
5
Let n(h) = -h**3 - 151*h**2 - 586*h + 281. Give n(-147).
-13
Let y(k) = -2*k**3 + 7*k**2 - 38*k + 77. Give y(3).
-28
Let p(v) = 27*v**2 - 128*v + 8. Give p(4).
-72
Let u(p) = p**2 - 9*p - 71. What is u(11)?
-49
Let i(x) = 8*x**3 - 10*x**2 - x + 2. Give i(-3).
-301
Let n(i) = -i**2 - 80*i - 1576. Determine n(-40).
24
Let n(k) = -k**3 - k**2 - 16*k + 78. Calculate n(3).
-6
Let m(q) = -556*q + 4433. Calculate m(8).
-15
Let w(i) = i**3 + 7*i**2 + 31*i + 79. Give w(-6).
-71
Let l(j) = j**2 + 45*j - 9. Determine l(0).
-9
Let r(c) = -c**3 - 9*c**2 - 94*c - 824. What is r(-9)?
22
Let l(z) = -2*z**2 - 39*z - 174. What is l(-12)?
6
Let l(s) = -s**3 + 29*s**2 - 28*s + 17. Calculate l(28).
17
Let f(i) = i**3 + 2*i**2 - 35*i - 101. Calculate f(-5).
-1
Let r(j) = 189*j - 1513. What is r(8)?
-1
Let m(u) = -u**3 - 16*u**2 - 53*u - 399. What is m(-14)?
-49
Let i(z) = -42*z - 1127. What is i(-30)?
133
Let l(y) = 523*y + 7839. Determine l(-15).
-6
Let w(p) = p**3 - 7*p**2 + 9*p - 91. What is w(8)?
45
Let p(t) = -218*t - 649. Give p(-3).
5
Let w(a) = a**3 + 14*a**2 + 20*a - 11. Determine w(-11).
132
Let b(l) = 60*l + 105. Determine b(-2).
-15
Let t(i) = 2786*i - 13924. Give t(5).
6
Let c(g) = -g**3 + 135*g**2 - 506*g. Give c(4).
72
Let y(d) = d**3 + 11*d**2 - 222*d - 2451. Calculate y(-11).
-9
Let p(f) = 20*f - 39. Calculate p(2).
1
Let t(l) = l**3 + 19*l**2 + 77*l - 19. Give t(-13).
-6
Let w(n) = 368*n + 1199. Calculate w(-3).
95
Let p(y) = -y**3 - 17*y**2 + 160*y + 54. Determine p(7).
-2
Let u(a) = 5*a**2 + 62*a - 26. Calculate u(-12).
-50
Let i(k) = k**3 + 28*k**2 - 94*k - 26. Determine i(-31).
5
Let l(d) = 137*d - 24791. Determine l(181).
6
Let p(n) = 8*n**2 - 217*n + 16. Calculate p(27).
-11
Let b(a) = 10*a - 40. Calculate b(-26).
-300
Let u(z) = z**2 + 11*z - 269. What is u(-23)?
7
Let n(z) = -z - 143. Determine n(-6).
-137
Let z(l) = l**3 + 21*l**2 - 109*l - 1452. Calculate z(-23).
-3
Let l(u) = -u**3 + 30*u**2 + 4*u + 21. Determine l(30).
141
Let n(p) = p**3 - 6*p**2 - 9*p + 5. Calculate n(0).
5
Let l(s) = s**2 + 77*s + 1296. Give l(-25).
-4
Let x(b) = -132*b + 243. What is x(2)?
-21
Let h(z) = 3*z**3 - 10*z**2 - 20*z + 11. Give h(6).
179
Let q(c) = c**2 - 22*c - 1020. Determine q(45).
15
Let x(w) = 96*w + 879. Calculate x(-9).
15
Let f(b) = -b**2 - 52*b - 321. Calculate f(-11).
130
Let a(g) = 15*g**3 + 27*g**2 - 9*g - 12. What is a(-2)?
-6
Let v(o) = -o**3 - 4*o**2 + 17*o + 16. Calculate v(-6).
-14
Let p(t) = -t**3 + 4*t**2 - 8*t + 5. Calculate p(5).
-60
Let d(h) = 195*h - 48750. Determine d(250).
0
Let p(d) = 22*d + 85. Determine p(-8).
-91
Let f(i) = -2*i**3 + 80*i**2 + 64*i + 724. Calculate f(41).
-14
Let a(u) = 290*u - 8112. What is a(28)?
8
Let g(s) = 3*s**2 + 56*s + 18. Give g(-13).
-203
Let z(q) = 252*q + 1416. Calculate z(-6).
-96
Let c(p) = -p**3 - 93*p**2 + 78*p - 1505. Calculate c(-94).
-1
Let l(p) = 27*p**3 + 6*p**2 - 7*p + 1. Determine l(2).
227
Let m(w) = -35*w**2 - 1190*w + 1. What is m(-34)?
1
Let g(m) = 13*m + 808. Determine g(-57).
67
Let x(q) = -7*q**2 - 7*q - 14. Determine x(-7).
-308
Let f(v) = 54*v. Determine f(2).
108
Let o(p) = 754*p - 13559. Determine o(18).
13
Let w(o) = -1776*o - 8852. Calculate w(-5).
28
Let a(n) = n**3 + 14*n**2 + 23*n + 8. Determine a(-3).
38
Let w(j) = -162*j + 969. What is w(6)?
-3
Let n(b) = 3*b**3 + b**2 - 28*b + 3. Calculate n(-4).
-61
Let y(g) = -4*g**2 + 139*g + 798. Determine y(-5).
3
Let d(n) = 11*n - 191. Calculate d(13).
-48
Let t(b) = 22*b - 58. Determine t(11).
184
Let x(t) = 118*t - 1135. Give x(14).
517
Let z(m) = 2*m**3 - 8*m**2 - 30*m + 128. What is z(4)?
8
Let q(m) = 2*m**2 - 11*m - 70. Calculate q(-7).
105
Let o(d) = 4*d**3 - 55*d**2 - 6*d + 4. Calculate o(14).
116
Let d(o) = -o**3 - 17*o**2 - 59*o + 12. Determine d(-5).
7
Let c(p) = p**2 - 104*p + 2637. Calculate c(50).
-63
Let b(f) = -f**2 - 29*f - 2. Determine b(-1).
26
Let l(s) = -s**3 - 8*s**2 - 113*s - 747. Calculate l(-7).
-5
Let f(l) = -l**2 - 96*l - 165. What is f(-95)?
-70
Let n(j) = -32*j - 358. Give n(-17).
186
Let b(u) = 5*u**2 - 26*u - 264. Determine b(-5).
-9
Let s(v) = -v**3 - 18*v**2 - 32*v + 64. Determine s(-17).
319
Let g(k) = -98*k + 2211. Give g(22).
55
Let t(w) = 129*w - 2211. Calculate t(17).
-18
Let m(b) = -b**3 - b**2 + 10*b. Give m(-7).
224
Let w(j) = -158*j + 2681. Determine w(17).
-5
Let k(d) = -13*d**2 - 158*d - 20. Calculate k(-13).
-163
Let u(z) = z**3 + 55*z**2 - 651*z - 66. Give u(-65).
-1
Let a(l) = 144*l - 1311. Determine a(9).
-15
Let r(h) = 46*h - 395. Calculate r(11).
111
Let s(w) = 165*w - 502. What is s(3)?
-7
Let h(p) = p**3 - 30*p**2 + 7*p - 166. What is h(30)?
44
Let n(l) = -l**3 + 73*l**2 - 143*l + 31. Determine n(71).
-40
Let f(y) = -y**2 - 12*y + 131. Give f(-18).
23
Let l(d) = -5*d**2 - 142*d - 490. What is l(-24)?
38
Let v(i) = -12*i**3 - 4*i**2 - 64*i - 58. What is v(-1)?
14
Let t(l) = l**2 + 22*l - 57. Give t(-23).
-34
Let u(j) = -3*j**3 + 13*j**2 - 17*j + 41. Calculate u(4).
-11
Let t(d) = d**2 + 93*d + 2021. What is t(-34)?
15
